/6 - 6)*24/(-18). Let m(v) = -v**2 - 2*v - 1. Calculate m(t).
-1
Let z = -2 + 4. Suppose -4*b = -z + 22. Let t(a) = -11*a**2 + 16*a + 1. Let h(i) = -31*i**2 + 46*i + 3. Let x(c) = -6*h(c) + 17*t(c). Determine x(b).
-6
Let d = 379 + -267. Let o = 115 - d. Let h(a) = -a**3 + a**2 + 3. Calculate h(o).
-15
Let l be 6/(-10) - (-504)/140. Let r(k) = 5*k**2 + k - 3. Determine r(l).
45
Let k be ((-56)/(-10))/((-1)/5). Let z be 1/((-4)/k)*-1. Let n(h) = h**3 + 6*h**2 - 8*h - 1. Determine n(z).
6
Let g(i) = 4*i**3 - 10*i - 1. Let o(z) = -5*z**3 - z**2 + 11*z. Let a(u) = -6*g(u) - 5*o(u). Suppose -4*q = -8*q - 72. Let c = q - -14. Calculate a(c).
2
Let q be 22/11*(-3)/(-2). Let y(z) = 33 - 15 - q*z - 20. What is y(-2)?
4
Let q(v) = 3*v**3 + 2*v**2 + v + 6. Let a(k) = 14*k**3 + 6*k**2 + 3*k + 25. Let t(m) = -2*a(m) + 9*q(m). Calculate t(7).
-24
Let r(l) be the first derivative of l**3/3 - l**2 - 5*l - 1. Suppose -300*h = -293*h - 28. What is r(h)?
3
Suppose 14*a - 24 = 8*a. Let m(d) = -4*d + 18. Let f(h) = -5*h + 18. Let k(b) = a*m(b) - 3*f(b). Determine k(0).
18
Let q = 102 + -99. Let y(c) = -q*c**2 + 4*c**2 - 4 - 7*c - c**3 + 8 + 6*c**2. Calculate y(6).
-2
Let l(r) be the third derivative of -r**6/120 - r**5/60 + 2*r**3/3 + 2*r**2. Let x be 0/(4/((-8)/2)). Suppose -5*d - 3*t = -2*t, x = 4*d + 5*t. Give l(d).
4
Let v be (104/39)/((40/12)/5). Let o(c) = c**3 - 4*c**2 + c - 8. Calculate o(v).
-4
Let j be 0 - 1 - (-3)/(-1). Let k(o) = o**3 + 5*o**2 + 4*o + 2. Let x be k(j). Let q(v) = 3*v**3 - 3*v**2 + 2*v - 1. Determine q(x).
15
Let p(t) = -3*t - 26. Let z = 1356 + -1360. Calculate p(z).
-14
Let j(z) be the first derivative of 4*z**2 - 8 + z - z + z - 2*z. Determine j(-1).
-9
Let y(g) = -2*g. Let p(v) = 4*v + 1. Suppose 0 = -4*f, -5*u = 5*f - 7 - 28. Let z(l) = u*y(l) + 3*p(l). Determine z(-3).
9
Let k(t) be the third derivative of t**6/60 - t**5/60 - 13*t**2. Let z = -3 + 8. Suppose 4*x - 1 = -z. What is k(x)?
-3
Let q = -15 - -18. Let l(x) = -x**2. Suppose -2*y = -2*f - 2, 25 = 4*f + f + 5*y. Let c(j) = 3*j**2 - 3*j - 2. Let o(z) = f*l(z) + c(z). Calculate o(q).
-2
Let c(j) be the second derivative of 0 - 1/20*j**5 + 7/2*j**2 - 1/2*j**3 - 1/2*j**4 - 10*j. Calculate c(-5).
-3
Let s be 13/(-11) + 4/22. Let h be (5/(-15))/(2/(-12)). Let l(o) = 9*o - 3*o**2 + 11*o**h - 8*o. Calculate l(s).
7
Let x(l) = -5*l + 12. Let k be 12/2 + (-8 + 23)/(-15). Determine x(k).
-13
Let w(l) be the second derivative of -l**4/12 - 5*l**3/6 + 17*l**2/2 - 13*l. Let m be w(-7). Let j(d) = -3 + 7 - 3*d + 0. Calculate j(m).
-5
Let z(b) = b**3 + 5*b**2 - 9*b - 6. Suppose -30*c - 310 = -35*c. Let v = 56 - c. Calculate z(v).
12
Let m(y) = 2*y**2 + 2*y - 1. Let g(n) = -n**3 - 19*n**2 - n - 17. Let r be g(-19). Give m(r).
11
Let a(p) = p + 14. Suppose 32 = -3*s + 5*m, -2*m = 3*s + 48 + 19. Let f be a(s). Let j(k) = -k**2 - 6*k + 5. What is j(f)?
10
Let x(b) = -8*b**3 - b**2. Suppose 4*q - 2*p - 66 = -4*p, 2*q + 3*p - 43 = 0. Let y be (-10)/q + (-4)/14. What is x(y)?
7
Let a(g) = -2*g + 1. Let v be ((-14)/21)/((-4)/234). Let l = v + -37. Determine a(l).
-3
Let l(i) = -3*i. Let x(h) = -h**2 - 10*h - 12. Let p be x(-8). Let d(q) = q**2 - 8*q - 27. Let y be d(11). Let u = y - p. Calculate l(u).
-6
Suppose -2*j = -0*j + 3*y - 21, 27 = 4*j + 3*y. Suppose j*v = v. Suppose v = 2*f - 8*f - 24. Let a(u) = -2*u - 4. Determine a(f).
4
Let p(d) be the second derivative of d**7/840 - d**6/90 + 5*d**4/24 + 29*d**3/6 + 22*d. Let g(i) be the second derivative of p(i). What is g(4)?
5
Let p(z) = z + 28 + 20 - 4*z**2 - 50. Let x(o) = 5*o**2 - o + 3. Let i(k) = 6*p(k) + 5*x(k). Give i(0).
3
Suppose -15*x - 144 = -11*x. Let t = x - -31. Let i(z) = z + 2. Give i(t).
-3
Let b(q) be the first derivative of q**6/120 - q**5/12 - q**4/6 + q**3/3 + 19*q**2/2 - 13. Let r(z) be the second derivative of b(z). Give r(6).
14
Suppose -4*z - 31 = -43. Let y(j) = j**3 - j**2 - 3*j + 2. What is y(z)?
11
Let v(x) = 2*x + 16. Let y be v(-7). Let a(r) = 0 + 3 - 2*r**2 - 7*r**2 + 5*r + 8*r**y. What is a(6)?
-3
Let h(w) = -2*w**2 - 4*w. Let x(v) = 2*v**2 + 3*v. Let c(m) = 3*h(m) + 4*x(m). Let f = -531 + 530. Give c(f).
2
Let d(l) = 2*l**2 + 20*l + 13. Let o(k) = -k**2 - 4*k - 5. Let f(g) = d(g) + 3*o(g). Let u be (-4)/(-10) + (-18)/(-5). Determine f(u).
14
Let f(c) = -10*c**2 + 8*c - 25. Let z(x) = x**2 - x. Let p(u) = 10*u**2 - 8*u + 17. Let h(y) = -p(y) + 3*z(y). Let v(b) = 5*f(b) - 7*h(b). What is v(5)?
-6
Let p(v) = v**3 + 4*v**2 - 6*v + 1. Suppose -5*c + 18 = -4*z, 4*c - 4*z - 12 + 0 = 0. Suppose -x - c + 1 = 0. What is p(x)?
6
Let h(o) = 14*o + 1. Let x(c) = c**3 - 11*c**2 + 8. Let d be x(11). Suppose -d = -4*m - 4*b, -m + 4*m + 18 = 5*b. Give h(m).
-13
Let h(t) = -1 + t - 3 + 3. Let r(o) be the third derivative of -o**6/120 - o**5/20 + o**4/24 - o**3 - 35*o**2. Let s be r(-4). Determine h(s).
5
Let k be 4/6 + (-8)/(-6). Suppose 2*y + 4 = 2*c, -c - 13 + 17 = y. Let h(g) = -k*g**2 + c*g**2 - 7*g**2 + 1. Determine h(1).
-5
Let n(d) = 2*d**2 + 5*d + 1. Let w(x) = 0*x**2 + 6*x**2 - 4 - 5*x**2 - 12*x. Let s be w(12). Give n(s).
13
Let x(h) = -h**3 + 13*h**2 + 1. Let c be x(13). Let j be ((-2)/4)/(c/2). Let d(n) = -n**3 - 2*n**2 - n. Determine d(j).
0
Let n(g) = -3*g**2 - 8. Let o(p) = -7*p**2 + p - 17. Let q be 2/15 - (-248)/(-60). Let w(h) = q*o(h) + 9*n(h). Give w(3).
-7
Let q(h) be the second derivative of h**5/20 + 2*h**4/3 + h**3 - 3*h**2 - 407*h. Calculate q(-7).
1
Let l(p) = 6*p**2 + 1. Let m(x) = 8*x**2 + 1. Let u(a) = 3*l(a) - 2*m(a). Let r = 4 - 2. Calculate u(r).
9
Suppose -27*w + 60 = -12*w. Let p(q) = -q**2 + 4*q + 1. What is p(w)?
1
Suppose j = 4*i + 21, 2*j + 29 = 6*j - 5*i. Let n(s) = j - 9 - 51*s + 50*s. Determine n(-4).
-4
Let s(g) = 15*g**2 - 8*g + 1. Let n(w) = 7*w**2 - 4*w. Let r(f) = -13*n(f) + 6*s(f). Give r(5).
1
Let t(f) = f. Suppose 0 = -5*l - 22 + 7. Let j(q) = q**3 + 3*q**2 + 3*q + 3. Let v be j(l). Determine t(v).
-6
Let b be (4 + -13 + 4)*-1. Let w(l) be the third derivative of 1/8*l**4 - 5*l**2 + 0 + 0*l + 1/60*l**b - 1/2*l**3. What is w(-5)?
7
Let n(w) = -6*w**2 + 1. Suppose 0 = 4*z - 3*l + 7*l + 296, 4*l + 375 = -5*z. Let v = z - -78. Determine n(v).
-5
Let t(z) = -z - 8. Let n be -3 - (8 + -7) - -4. Determine t(n).
-8
Let t = 474 - 209. Let k(o) be the first derivative of 264*o**4 - 5 - t*o**4 - o**2 + o**2. Calculate k(1).
-4
Let z(c) = 3*c**2 + 9*c - 7. Let n(g) = -g**2 - 5*g + 4. Let j(x) = -5*n(x) - 2*z(x). Suppose 0 = 2*u - 0*u - 12. Give j(u).
0
Suppose -5*z + 165 = -0. Let i = z + -28. Let f(a) = 9 - 1 - i - 4 - 3*a. Determine f(2).
-7
Let b(k) be the third derivative of k**6/120 + k**5/12 + k**4/4 + 4*k**3/3 - k**2 + 201. Give b(-3).
8
Let q(c) = -c**3 + 11*c**2 - 6*c - 2. Let m(j) = 2*j**3 - 23*j**2 + 13*j + 5. Let v(t) = 4*m(t) + 9*q(t). What is v(5)?
42
Let l(c) = -c**3 + 9*c**2 + 10*c + 12. Suppose -a - 3*a + 144 = 2*o, o - 3*a = 52. Suppose -6*d + o = 4. Calculate l(d).
12
Let q(s) = -5*s**2 - 7*s - 5. Let f(k) = -k**2 - 42*k - 118. Let u be f(-39). Calculate q(u).
-3
Let m = -132 - -135. Let l be 1/4 + m/(-12). Let a(i) be the third derivative of -i**4/24 + i**3/3 - i**2. Calculate a(l).
2
Let s(p) = 1 + 6 + 1 - 5*p**2 + 8*p. Let b(n) be the second derivative of n**4/3 - 7*n**3/6 - 4*n**2 - 26*n. Let r(w) = 4*b(w) + 3*s(w). What is r(6)?
4
Let a(m) = -2*m + 5*m + 3*m. Suppose 27*r - 42 = -69. What is a(r)?
-6
Let m(c) = c**2 + 5*c - 6. Let d(v) be the third derivative of -v**5/15 - v**3/6 - 14*v**2. Let q be d(1). Give m(q).
-6
Let x(c) be the first derivative of -7*c**2/2 + 185. What is x(2)?
-14
Suppose 0 = 14*q - 19*q - 5. Let z(y) = -23 - 12*y**2 + 43 - 19. Determine z(q).
-11
Let v(r) = 12*r + 13. Let h be (-2)/(3/6 + 0). Let b(x) = -6*x - 6. Let t(a) = h*v(a) - 9*b(a). What is t(-3)?
-16
Suppose 12 = 4*g, -4*g = -4*c - 7*g + 17. Suppose -18 = -2*h - c. Let n(t) = t**2 - 9*t - 2. Give n(h).
-10
Let j(d) = d**3 - 6*d**2 - 7*d - 1. Suppose -y = -5*y + 100. Suppose 11 + y = 4*p. Let n = -2 + p. Calculate j(n).
-1
Let m(z) = 0 - z**3 + 5*z**2 + 1 - 4 - 4*z + 1. Calculate m(4).
-2
Let q(y) = -6*y**3 - y**2 + 1. Let m(c) = 5*c**2 - c. Let v be m(1). Suppose 2*i - 5*i = v*z + 15, 0 = 3*i + 15. Suppose 0 = 4*l - z + 4. Determine q(l).
6
Suppose 7*l + 16 = 3*l. Let a be (-5)/10 